 + -5 + 1 + 1?
-2
Calculate -3 + (3 - 5) - -3.
-2
What is 0 - -5 - (5 - 2)?
2
What is the value of (1 - -3) + -1 - (-1 + 10)?
-6
What is the value of -17 + -2 - (152 - 164)?
-7
Evaluate 1 + 3 + -5 + -2 + 1.
-2
Evaluate (-9 - -1 - (18 + -14)) + 5.
-7
Evaluate -9 + 7 + -1 + 1.
-2
What is 2 + -8 + (10 - 4)?
0
Evaluate 6 - 4 - -10 - 13.
-1
-1 - 1 - (-8 + (2 - -8))
-4
(4 - (-2 + 8)) + -4
-6
0 + -7 + (-2 - -8)
-1
What is the value of (5 + -9 - (-12 - 1)) + -4?
5
What is the value of -2 + 0 + -2 + (-8 - -7)?
-5
Calculate -4 - -10 - (-7 - -8 - -2).
3
What is 30 + -29 + (-1 - -3)?
3
Evaluate (-2 - (-1 - (-2 + 2))) + 3.
2
What is (7 - (-6 - -6)) + -9?
-2
Evaluate (-13 - (-5 - -1)) + 7 + -3.
-5
What is -3 - -7 - 6 - (31 + -39)?
6
2 - (1 - -4 - 14) - 5
6
Evaluate (-60 - -47) + (21 - 1).
7
What is the value of 3 - (2 + (5 - 1))?
-3
What is the value of 0 - 0 - (-1 - (2 + -2))?
1
What is the value of -7 - (-2 - (-5 - -7))?
-3
Calculate (6 - 9) + 3 + 5 - -3.
8
Calculate -4 + (-2 - (-7 - -4)).
-3
Evaluate -1 - (2 + (4 - 8)).
1
Evaluate 0 + (4 - (4 + 8 + -4)).
-4
-2 + 1 - (-3 + 3)
-1
(6 + -3 - 5) + 2 + 3
3
-2 + 12 - 3 - 12 - -1
-4
What is the value of 9 + (-7 - -14) + -11?
5
Calculate 12 + -8 + -8 + (6 - 0).
2
Evaluate (8 - 8) + 6 - 4.
2
-93 + 97 + (2 - -1)
7
Evaluate 5 - (3 - 0 - -2).
0
What is 2 - (5 + 1) - (-1 + -2)?
-1
What is the value of 0 + 7 + (0 - -12 - 16)?
3
Evaluate (2 - 4) + (34 - 30).
2
-10 + 2 + 5 + -1 + 3
-1
What is -14 - ((3 - (6 - -3)) + 0)?
-8
Evaluate 5 - ((-3 - 3) + 7).
4
What is the value of 29 - 18 - (11 - 2)?
2
Calculate 0 - (-2 - 0) - 1.
1
What is (-3 - -6) + -5 - -10?
8
Evaluate -3 + 5 + -4 - -4 - 2.
0
What is the value of -7 + (8 - 5) - (5 + -3)?
-6
Evaluate 7 + -14 - -2 - -1.
-4
Calculate 5 + (4 - 5) + 0.
4
Calculate -3 + -3 + (11 - 3) + 1.
3
What is 0 + 4 + 12 + (6 - 18)?
4
Evaluate -7 - (0 - 9) - (-2 + 0).
4
-16 + 9 + 12 + -1 + 0
4
Calculate (1 + 2 - (-10 + 7)) + -2.
4
-5 - -7 - 5 - (-2 + 4)
-5
What is the value of 7 + -6 + -6 + 3?
-2
Evaluate -7 - (4 - -4 - 13) - -1.
-1
What is the value of 2 - (-4 + 3) - (-3 + 3)?
3
What is -16 - -4 - -4 - (0 - 0)?
-8
Calculate 5 + -5 + -6 + 4.
-2
Evaluate 6 + -1 + 2 + -10.
-3
What is the value of -16 + (-5 - -15) - (-7 - 0)?
1
2 - (-6 + 6) - (0 - -3)
-1
What is 0 + 4 - (23 + -18)?
-1
What is the value of 1 - -6 - (6 - 13 - -12)?
2
Calculate 3 - (-2 + -6 - -8).
3
Calculate -1 - (-2 - -6) - -6.
1
(9 - 2) + -2 + (-22 - -16)
-1
Calculate 7 - (3 - (-5 + 4)).
3
What is the value of -6 + 10 + (-1 - -1)?
4
Calculate 1 - (1 + (2 + -5 - -1)).
2
Evaluate 4 + 4 + (-2 - 3 - 9).
-6
-3 - -10 - 10 - 1
-4
Evaluate 1 + 0 + 6 + -7.
0
What is the value of -3 + -4 + (-7 - (-9 - -2))?
-7
(6 + -19 - -13) + 1
1
What is -124 - -137 - (0 - -8)?
5
1 - (2 + 4) - -1
-4
What is 1 + -2 - (1 + 5 + -4)?
-3
Calculate -3 + (1 + 0 - -1).
-1
-5 + 1 - -12 - (5 - 1)
4
What is 5 + (7 - 5) + -4?
3
(0 - 1) + (-4 - 4 - -1)
-8
Evaluate (-9 - 0) + 8 + -2 + 1.
-2
Evaluate -3 + (8 + 0 - 1).
4
Evaluate (8 - 8) + 0 + 0 + -1.
-1
Evaluate -1 + (-2 - -4) - 1.
0
(1 - (7 + 1)) + -14 + 13
-8
Calculate (5 - 1 - 6) + 2 - 0.
0
Evaluate 0 + 2 + 0 - -2.
4
What is the value of -4 + (2 - 6) + 6?
-2
(-3 - -3 - -4) + -6
-2
Evaluate -3 + 0 - (1 + -4).
0
Calculate 0 - (12 - 6 - 8).
2
What is the value of 2 + 1 + -1 + -1 - 5?
-4
What is 3 + -5 + 5 + 3 - -3?
9
What is the value of 1 - -3 - ((3 - 11) + 5)?
7
37 + -32 + (0 - 7)
-2
Calculate 2 + (12 - (-10 - -17)).
7
Evaluate -3 - ((-3 - -2) + -3).
1
What is 1 + 1 + 7 + -13?
-4
Calculate 3 - (3 + -4 + -1).
5
What is (-5 - (10 + -21)) + -8?
-2
Calculate (-2 - 7) + 5 + 9.
5
What is the value of (-13 - -6) + (6 - (-6 - -12))?
-7
What is (2 - 1) + 19 + -21 + -1?
-2
What is the value of 6 + 0 - (-2 + 4)?
4
-2 - (7 + (2 - 18 - -4))
3
3 + (0 - (4 + -3)) + 0
2
What is the value of 5 + -7 - (0 - -1 - 2)?
-1
What is -5 + -1 + 5 + 5 + -9?
-5
Evaluate (-67 - -64 - (-3 - 1)) + 5.
6
What is the value of -2 - (0 + 3 + -2 - -2)?
-5
What is -5 - -1 - (-11 + 2)?
5
(16 - (-19 + 33)) + (-1 - -2)
3
Calculate (0 - -5) + -2 - 6.
-3
Evaluate -2 + (5 - (3 + 6)) - -5.
-1
What is the value of -8 + 8 + (2 - 6)?
-4
Calculate (-49 - -65) + (-14 - -1).
3
Evaluate 25 + -27 - (-3 + -1).
2
Calculate -7 - (-10 - (-7 + 6)).
2
What is -1 - 7 - (-5 + 0)?
-3
Calculate 9 - (1 - -6 - -2).
0
(2 - 1 - (8 + -13)) + -4
2
Evaluate 1 + -2 - (4 + (-9 - -5)).
-1
-68 - -65 - (-11 + 1)
7
Evaluate -7 + (0 - -2) + (-27 - -22).
-10
What is the value of 23 - 21 - (4 + 1)?
-3
-3 + (3 - 5 - -4)
-1
Calculate -2 + -1 + (8 - 6).
-1
Evaluate -2 + (5 - 2 - 2).
-1
Evaluate -14 - -15 - 0 - (2 - 12).
11
What is -2 + 1 - (-9 + 3 + 0)?
5
What is 1 - 0 - (12 - (-2 - -4))?
-9
What is 8 - 5 - (-15 - -13)?
5
-4 - -1 - (-69 - -71)
-5
Calculate 1 - (-6 - (1 + -6 + 0)).
2
2 + 0 + (2 + -2 - 5)
-3
What is the value of (1 - 1) + 3 + -5 + 2?
0
What is the value of 1 + 2 + -2 - (2 + 1)?
-2
What is the value of (6 - -5) + (-8 - -1)?
4
What is the value of (-19 - (-26 + 10)) + 1 + 5?
3
Evaluate 3 + (-10 - -1 - -4).
-2
-13 + 1 + 1 - (113 + -119)
-5
Calculate -1 - (2 - (-2 - -4)).
-1
What is the value of -1 + 3 + 7 + -5 + -6?
-2
-1 - ((9 - 4) + -7 + 4)
-3
Evaluate (0 - -2) + (4 - 6) + -2.
-2
-1 + 1 - (49 + -41) - 0
-8
What is the value of 0 + (8 - 4) + 2?
6
What is the value of 1 + (3 + -6 - -1)?
-1
-7 - (-11 - (-15 - -9))
-2
Calculate 17 - (5 - (-2 + (-8 - -8))).
10
What is the value of -5 + 3 + -7 + 2?
-7
Evaluate -4 + 0 - (24 + -51 - -24).
-1
Evaluate 3 - (1 - 3 - (-2 - -1)).
4
What is -3 + (-2 - 2) + 2 + -1?
-6
-1 - -9 - (26 - 3 - 18)
3
Calculate 8 - (1 + (0 - 6) + 6).
7
What is the value of (0 - 4) + 109 + -104?
1
What is the value of -7 - (-9 + (5 - 3 - 0))?
0
What is the value of 3 + (5 - 13 - -1)?
-4
What is the value of 9 + -16 + 5 + -1 + 6?
3
What is -1 + (0 - (3 - (1 - 0)))?
-3
What is 0 - (-2 - (-6 - -3))?
-1
Calculate (25 - 13 - 6) + -1.
5
What is -4 - (-2 - (-8 + 1 + 4))?
-5
Evaluate (4 - 3) + -1 + -5.
-5
What is -8 - -6 - 1 - (-20 + 10)?
7
What is the value of 2 + (-36 - -31 - (-3 + -1))?
1
What is (-3 - 2 - -4) + (-5 - -9)?
3
Evaluate -21 + 12 + 1 + -1.
-9
Evaluate -3 - -1 - (-63 - -65).
-4
What is the value of -4 - (3 + -3 + 1)?
-5
Calculate -6 + (1 + 2 - (-7 - -9)).
-5
Calculate 6 + -2 + -6 + (2 - -2).
2
What is (-3 + (4 - 3) - -3) + -2?
-1
2 + -3 - (-9 - -10)
-2
Evaluate 12 + -4 - 1 - 1.
6
Calculate 0 - -1 - (-6 - (-2 - 4)).
1
(-92 - -106) + -5 + -1
8
Evaluate -11 - (3 - 7) - -3.
-4
Calculate -9 - -5 - -6 - (-1 - 3).
6
What is the value of 3 - (3 + 9 + -5)?
-4
Evaluate 1 + (13 - 13 - -5).
6
What is (2 - -1) + (0 - 2 - 1)?
0
Calculate -6 - -1 - (9 - (-9 + 19)).
-4
What is the value of (-7 - -28) + -11 + -11?
-1
Calculate (5 - 3 - -2) + (0 - 0).
4
What is 1 - (-4 + 13) - -3?
-5
Evaluate (-7 - (-12 - -7)) + 7.
5
What is 2 + 7 + 5 + -10?
4
Calculate 1 + -2 + (-5 - 0 - -5).
-1
Evaluate 2 - 6 - (0 - (0 + 3)).
-1
What is 5 - (2 + -2 + 9) - -3?
-1
-3 + -2 + 2 + -1
-4
What is the value of 6 + -2 - (11 + -1 - 1)?
-5
What is (4 - 4 - 4) + 0 - -1?
-3
5 - (13 + -7 - 6)
5
Calculate (-18 - -16) + 6 + -3.
1
What is the value of -98 - -96 - (5 - (-2 + 1))?
-8
Calculate 8 + -1 + -4 + 0 - 0.
3
Calculate -3 + (-3 - -6) + -3.
-3
-2 - (2 + (2 - 1) + -9)
4
Evaluate (-45 - -44) + 0 + -2.
-3
What is -1 + (-1 - (0 + 4) - -3)?
-3
What is 0 - ((10 - 4 - 6) + 4)?
-4
What is the value of (3 - (0 - (-6 + 3))) + -1?
-1
What is the value of -1 + 7 + -53 + 47?
0
-5 + 2 - (-2 - (8 + -9))
-2
-2 - (-4 + -9 + 7)
4
3 - (20 + -2) - -8
-7
Calculate 0 + 2 - 5 - (-131 + 131).
-3
What is -10 + 2 - (-25 - (-10 - -3))?
10
Calculate (-5 - -2) + (7 - 2).
2
What is -3 - (-7 + 5 + 4)?
-5
Calculate -2 + (3 - (4 - 1)) - 3.
-5
Evaluate -17 - -21 - (1 + 1).
2
Evaluate 1 + -1 - (13 - 8).
-5
Evaluate (-1 - 3) + (15 - 5) + 1.
7
-6 + (-1 + -4 - -10) - 2
-3
Evaluate -5 - (-1 + -2) - 2.
-4
Calculate -1 + (3 + 1 + -3 - -3).
3
Evaluate 8 + -4 + -2 - (-7 - -2).
7
Evaluate 7 - ((4 - 3) + (-5 - -7)).
4
Evaluate 0 - (2 - -7 - 14).
5
2 - 8 - (-2 - 2)
-2
Evaluate 4 + -1 + 7 + (1 - 12).
-1
What is (-22 + 13 - -4) + 8?
3
What is the value of -5 - (1 - 7) - (-2 - 1)?
4
Evaluate 1 + 3 + -3 + -1 + 0.
0
Calculate (2 - -1) + 5 - 6 - -4.
6
Evaluate -4 - -2 - -9 - (44 + -42).
5
What is the value of 3 + -1 + 2 + (2 - 5)?
1
Calculate 2 + -9 + 4 + -1